{"id":1442,"date":"2023-03-21T23:25:33","date_gmt":"2023-03-21T23:25:33","guid":{"rendered":"http:\/\/www.cmfp1.edu.ar\/?page_id=1442"},"modified":"2023-03-21T23:52:26","modified_gmt":"2023-03-21T23:52:26","slug":"gasista-domiciliario","status":"publish","type":"page","link":"https:\/\/www.cmfp1.edu.ar\/?page_id=1442","title":{"rendered":"GASISTA DOMICILIARIO"},"content":{"rendered":"<p>Duraci\u00f3n: 1 a\u00f1o.<\/p>\n<p>Requisito: secundario completo.<\/p>\n<p>Contenidos: Introducci\u00f3n al trabajo en la obra de la construcci\u00f3n civil. Instalaci\u00f3n y control de artefactos y sistemas de ventilaci\u00f3n en Unidades. Proyecto y planificaci\u00f3n de instalaciones de gas domiciliaria en unidades unifuncionales y multifuncionales. Proyecto y planificaciones de gas domiciliario en unidades Multifuncionales. Organizaci\u00f3n de servicios profesionales.<\/p>\n<p>D\u00edas y horarios de cursada:\u00a0Lunes, martes mi\u00e9rcoles y jueves 18:00 a 22:10<\/p>\n","protected":false},"excerpt":{"rendered":"<p>Duraci\u00f3n: 1 a\u00f1o. Requisito: secundario completo. Contenidos: Introducci\u00f3n al trabajo en la obra de la construcci\u00f3n civil. Instalaci\u00f3n y control de artefactos y sistemas de ventilaci\u00f3n en Unidades. Proyecto y planificaci\u00f3n de instalaciones de gas domiciliaria en unidades unifuncionales y multifuncionales. Proyecto y planificaciones de gas domiciliario en unidades Multifuncionales. Organizaci\u00f3n de servicios profesionales. D\u00edas<\/p>\n","protected":false},"author":1,"featured_media":0,"parent":0,"menu_order":0,"comment_status":"closed","ping_status":"closed","template":"","meta":{"footnotes":""},"class_list":["post-1442","page","type-page","status-publish","hentry"],"_links":{"self":[{"href":"https:\/\/www.cmfp1.edu.ar\/index.php?rest_route=\/wp\/v2\/pages\/1442","targetHints":{"allow":["GET"]}}],"collection":[{"href":"https:\/\/www.cmfp1.edu.ar\/index.php?rest_route=\/wp\/v2\/pages"}],"about":[{"href":"https:\/\/www.cmfp1.edu.ar\/index.php?rest_route=\/wp\/v2\/types\/page"}],"author":[{"embeddable":true,"href":"https:\/\/www.cmfp1.edu.ar\/index.php?rest_route=\/wp\/v2\/users\/1"}],"replies":[{"embeddable":true,"href":"https:\/\/www.cmfp1.edu.ar\/index.php?rest_route=%2Fwp%2Fv2%2Fcomments&post=1442"}],"version-history":[{"count":1,"href":"https:\/\/www.cmfp1.edu.ar\/index.php?rest_route=\/wp\/v2\/pages\/1442\/revisions"}],"predecessor-version":[{"id":1443,"href":"https:\/\/www.cmfp1.edu.ar\/index.php?rest_route=\/wp\/v2\/pages\/1442\/revisions\/1443"}],"wp:attachment":[{"href":"https:\/\/www.cmfp1.edu.ar\/index.php?rest_route=%2Fwp%2Fv2%2Fmedia&parent=1442"}],"curies":[{"name":"wp","href":"https:\/\/api.w.org\/{rel}","templated":true}]}}