{"id":31,"date":"2015-05-02T02:53:58","date_gmt":"2015-05-02T02:53:58","guid":{"rendered":"http:\/\/proyectoescuela.esy.es\/?page_id=31"},"modified":"2023-03-21T23:49:39","modified_gmt":"2023-03-21T23:49:39","slug":"reparador-electronico-audio-radios","status":"publish","type":"page","link":"https:\/\/www.cmfp1.edu.ar\/?page_id=31","title":{"rendered":"REPARADOR ELECTR\u00d3NICO DE  AUDIO Y RECEPCI\u00d3N DE RADIO"},"content":{"rendered":"<p>[huge_it_gallery id=\u00bb5&#8243;]<\/p>\n<p><strong>Duraci\u00f3n:<\/strong><\/p>\n<ul>\n<li>1 a\u00f1o.<\/li>\n<\/ul>\n<p><strong>Contenidos<\/strong><\/p>\n<ul>\n<li>Circuitos.<\/li>\n<li>Manejo de herramientas e instrumental.<\/li>\n<li>B\u00fasqueda de fallas y reemplazo de componentes.<\/li>\n<li>Concepto de dom\u00f3tica.<\/li>\n<li>Reparaci\u00f3n y detecci\u00f3n de fallas en plaquetas de refrigeraci\u00f3n y sistemas de automatismo.<\/li>\n<\/ul>\n<p><strong>Requisitos especiales:\u00a0<\/strong><\/p>\n<ul>\n<li>Estudios Primarios Completos<\/li>\n<\/ul>\n<p><strong>Recomendaciones:<\/strong><\/p>\n<ul>\n<li>Ninguno<\/li>\n<\/ul>\n<p><strong>Duraci\u00f3n:<\/strong><\/p>\n<ul>\n<li>1 A\u00f1o<\/li>\n<\/ul>\n<p><strong>D\u00edas y horarios a Cursar:<\/strong><\/p>\n<ul>\n<li>Lunes, mi\u00e9rcoles y jueves 18:00 a 22:10<\/li>\n<\/ul>\n<p><strong>Certificaci\u00f3n otorgada<\/strong><\/p>\n<ul>\n<li>Reparador Electr\u00f3nico de Audio y Recepci\u00f3n de Radio.<\/li>\n<\/ul>\n","protected":false},"excerpt":{"rendered":"<p>[huge_it_gallery id=\u00bb5&#8243;] Duraci\u00f3n: 1 a\u00f1o. Contenidos Circuitos. Manejo de herramientas e instrumental. B\u00fasqueda de fallas y reemplazo de componentes. Concepto de dom\u00f3tica. Reparaci\u00f3n y detecci\u00f3n de fallas en plaquetas de refrigeraci\u00f3n y sistemas de automatismo. Requisitos especiales:\u00a0 Estudios Primarios Completos Recomendaciones: Ninguno Duraci\u00f3n: 1 A\u00f1o D\u00edas y horarios a Cursar: Lunes, mi\u00e9rcoles y jueves 18:00<\/p>\n","protected":false},"author":1,"featured_media":0,"parent":0,"menu_order":0,"comment_status":"closed","ping_status":"closed","template":"","meta":{"footnotes":""},"class_list":["post-31","page","type-page","status-publish","hentry"],"_links":{"self":[{"href":"https:\/\/www.cmfp1.edu.ar\/index.php?rest_route=\/wp\/v2\/pages\/31","targetHints":{"allow":["GET"]}}],"collection":[{"href":"https:\/\/www.cmfp1.edu.ar\/index.php?rest_route=\/wp\/v2\/pages"}],"about":[{"href":"https:\/\/www.cmfp1.edu.ar\/index.php?rest_route=\/wp\/v2\/types\/page"}],"author":[{"embeddable":true,"href":"https:\/\/www.cmfp1.edu.ar\/index.php?rest_route=\/wp\/v2\/users\/1"}],"replies":[{"embeddable":true,"href":"https:\/\/www.cmfp1.edu.ar\/index.php?rest_route=%2Fwp%2Fv2%2Fcomments&post=31"}],"version-history":[{"count":12,"href":"https:\/\/www.cmfp1.edu.ar\/index.php?rest_route=\/wp\/v2\/pages\/31\/revisions"}],"predecessor-version":[{"id":1455,"href":"https:\/\/www.cmfp1.edu.ar\/index.php?rest_route=\/wp\/v2\/pages\/31\/revisions\/1455"}],"wp:attachment":[{"href":"https:\/\/www.cmfp1.edu.ar\/index.php?rest_route=%2Fwp%2Fv2%2Fmedia&parent=31"}],"curies":[{"name":"wp","href":"https:\/\/api.w.org\/{rel}","templated":true}]}}